{"id":1314,"date":"2021-04-06T20:41:21","date_gmt":"2021-04-06T20:41:21","guid":{"rendered":"http:\/\/icomos.at\/wp2021\/?page_id=1314"},"modified":"2021-09-22T08:31:53","modified_gmt":"2021-09-22T08:31:53","slug":"weitere-publikationen","status":"publish","type":"page","link":"http:\/\/icomos.at\/wp2021\/kommuniziert\/publikationen\/weitere-publikationen\/","title":{"rendered":"Weitere Publikationen"},"content":{"rendered":"<p><strong>Die Stadt au\u00dferhalb: Zur Architektur der ehemaligen Nieder\u00f6sterreichischen Landes-Heil- und Pflegeanstalten f\u00fcr Geistes- und Nervenkranke Am Steinhof in Wien <\/strong><br \/>\nvon <a href=\"https:\/\/www.amazon.de\/s\/ref=dp_byline_sr_book_1?ie=UTF8&amp;field-author=Caroline+J%C3%A4ger-Klein&amp;text=Caroline+J%C3%A4ger-Klein&amp;sort=relevancerank&amp;search-alias=books-de\">Caroline J\u00e4ger-Klein<\/a> (Herausgeberin), <a href=\"https:\/\/www.amazon.de\/s\/ref=dp_byline_sr_book_2?ie=UTF8&amp;field-author=Sabine+Plakolm-Forsthuber&amp;text=Sabine+Plakolm-Forsthuber&amp;sort=relevancerank&amp;search-alias=books-de\">Sabine Plakolm-Forsthuber<\/a> (Herausgeberin), <a href=\"https:\/\/www.amazon.de\/s\/ref=dp_byline_sr_book_3?ie=UTF8&amp;field-author=Wolfgang+Thaler&amp;text=Wolfgang+Thaler&amp;sort=relevancerank&amp;search-alias=books-de\">Wolfgang Thaler<\/a> (Fotograf)<br \/>\nBirkh\u00e4user Verlag 2018, ISBN 978-3-035606300<\/p>\n<hr \/>\n<p><strong>Gro\u00dfglockner-Hochalpenstra\u00dfe: Prestigebau des St\u00e4ndestaates <\/strong><br \/>\nvon <a href=\"https:\/\/www.amazon.de\/s\/ref=dp_byline_sr_book_1?ie=UTF8&amp;field-author=Thomas+Dipl.-Ing.+Mitterecker&amp;text=Thomas+Dipl.-Ing.+Mitterecker&amp;sort=relevancerank&amp;search-alias=books-de\">Thomas Mitterecker<br \/>\n<\/a>Klein Publishing 2018, ISBN 978-3-903015-10-4<\/p>\n<hr \/>\n<p><strong>Hotels an der Gro\u00dfglockner Hochalpenstra\u00dfe \u2013 Franz Wallack und das ideale Alpenhotel<\/strong><br \/>\nvon Markus Gesierich<br \/>\nKlein Publishing 2016, ISBN 978-3-903015-07-4<\/p>\n<hr \/>\n<p><strong>Hallstatt \u2013 Dachstein \u2013 Salzkammergut: Welterbe der UNESCO<br \/>\n<\/strong>Herausgegeben von ICOMOS \u00d6sterreich: Wilfried Lipp, Lois Lammerhuber, Jessica Jarosch<br \/>\nLinz 1999<\/p>\n<hr \/>\n<p><strong><a href=\"http:\/\/icomos.at\/wp2021\/wp-content\/uploads\/2021\/04\/20210416_Monitoring_Manual.pdf\">Preventive Monitoring Manual \u2013 ICOMOS Austria<\/a><\/strong><br \/>\nWien 2021<\/p>\n","protected":false},"excerpt":{"rendered":"<p>Die Stadt au\u00dferhalb: Zur Architektur der ehemaligen Nieder\u00f6sterreichischen Landes-Heil- und Pflegeanstalten f\u00fcr Geistes- und Nervenkranke Am Steinhof in Wien von Caroline J\u00e4ger-Klein (Herausgeberin), Sabine Plakolm-Forsthuber (Herausgeberin), Wolfgang Thaler (Fotograf) Birkh\u00e4user Verlag 2018, ISBN 978-3-035606300 Gro\u00dfglockner-Hochalpenstra\u00dfe: Prestigebau des St\u00e4ndestaates von Thomas Mitterecker Klein Publishing 2018, ISBN 978-3-903015-10-4 Hotels an der Gro\u00dfglockner Hochalpenstra\u00dfe \u2013 Franz Wallack und&hellip;&nbsp;<a href=\"http:\/\/icomos.at\/wp2021\/kommuniziert\/publikationen\/weitere-publikationen\/\" class=\"\" rel=\"bookmark\">Weiterlesen &raquo;<span class=\"screen-reader-text\">Weitere Publikationen<\/span><\/a><\/p>\n","protected":false},"author":1,"featured_media":0,"parent":435,"menu_order":0,"comment_status":"closed","ping_status":"closed","template":"","meta":{"neve_meta_sidebar":"full-width","neve_meta_container":"","neve_meta_enable_content_width":"on","neve_meta_content_width":100,"neve_meta_title_alignment":"","neve_meta_author_avatar":"","neve_post_elements_order":"","neve_meta_disable_header":"","neve_meta_disable_footer":"","neve_meta_disable_title":"","_ti_tpc_template_sync":false,"_ti_tpc_template_id":"","footnotes":""},"class_list":["post-1314","page","type-page","status-publish","hentry"],"_links":{"self":[{"href":"http:\/\/icomos.at\/wp2021\/wp-json\/wp\/v2\/pages\/1314"}],"collection":[{"href":"http:\/\/icomos.at\/wp2021\/wp-json\/wp\/v2\/pages"}],"about":[{"href":"http:\/\/icomos.at\/wp2021\/wp-json\/wp\/v2\/types\/page"}],"author":[{"embeddable":true,"href":"http:\/\/icomos.at\/wp2021\/wp-json\/wp\/v2\/users\/1"}],"replies":[{"embeddable":true,"href":"http:\/\/icomos.at\/wp2021\/wp-json\/wp\/v2\/comments?post=1314"}],"version-history":[{"count":5,"href":"http:\/\/icomos.at\/wp2021\/wp-json\/wp\/v2\/pages\/1314\/revisions"}],"predecessor-version":[{"id":2267,"href":"http:\/\/icomos.at\/wp2021\/wp-json\/wp\/v2\/pages\/1314\/revisions\/2267"}],"up":[{"embeddable":true,"href":"http:\/\/icomos.at\/wp2021\/wp-json\/wp\/v2\/pages\/435"}],"wp:attachment":[{"href":"http:\/\/icomos.at\/wp2021\/wp-json\/wp\/v2\/media?parent=1314"}],"curies":[{"name":"wp","href":"https:\/\/api.w.org\/{rel}","templated":true}]}}

<p><strong>Die Stadt außerhalb: Zur Architektur der ehemaligen Niederösterreichischen Landes-Heil- und Pflegeanstalten für Geistes- und Nervenkranke Am Steinhof in Wien </strong><br />
von <a href="https://www.amazon.de/s/ref=dp_byline_sr_book_1?ie=UTF8&amp;field-author=Caroline+J%C3%A4ger-Klein&amp;text=Caroline+J%C3%A4ger-Klein&amp;sort=relevancerank&amp;search-alias=books-de">Caroline Jäger-Klein</a> (Herausgeberin), <a href="https://www.amazon.de/s/ref=dp_byline_sr_book_2?ie=UTF8&amp;field-author=Sabine+Plakolm-Forsthuber&amp;text=Sabine+Plakolm-Forsthuber&amp;sort=relevancerank&amp;search-alias=books-de">Sabine Plakolm-Forsthuber</a> (Herausgeberin), <a href="https://www.amazon.de/s/ref=dp_byline_sr_book_3?ie=UTF8&amp;field-author=Wolfgang+Thaler&amp;text=Wolfgang+Thaler&amp;sort=relevancerank&amp;search-alias=books-de">Wolfgang Thaler</a> (Fotograf)<br />
Birkhäuser Verlag 2018, ISBN 978-3-035606300</p>
<hr />
<p><strong>Großglockner-Hochalpenstraße: Prestigebau des Ständestaates </strong><br />
von <a href="https://www.amazon.de/s/ref=dp_byline_sr_book_1?ie=UTF8&amp;field-author=Thomas+Dipl.-Ing.+Mitterecker&amp;text=Thomas+Dipl.-Ing.+Mitterecker&amp;sort=relevancerank&amp;search-alias=books-de">Thomas Mitterecker<br />
</a>Klein Publishing 2018, ISBN 978-3-903015-10-4</p>
<hr />
<p><strong>Hotels an der Großglockner Hochalpenstraße – Franz Wallack und das ideale Alpenhotel</strong><br />
von Markus Gesierich<br />
Klein Publishing 2016, ISBN 978-3-903015-07-4</p>
<hr />
<p><strong>Hallstatt – Dachstein – Salzkammergut: Welterbe der UNESCO<br />
</strong>Herausgegeben von ICOMOS Österreich: Wilfried Lipp, Lois Lammerhuber, Jessica Jarosch<br />
Linz 1999</p>
<hr />
<p><strong><a href="http://icomos.at/wp2021/wp-content/uploads/2021/04/20210416_Monitoring_Manual.pdf">Preventive Monitoring Manual – ICOMOS Austria</a></strong><br />
Wien 2021</p>

<p>Die Stadt außerhalb: Zur Architektur der ehemaligen Niederösterreichischen Landes-Heil- und Pflegeanstalten für Geistes- und Nervenkranke Am Steinhof in Wien von Caroline Jäger-Klein (Herausgeberin), Sabine Plakolm-Forsthuber (Herausgeberin), Wolfgang Thaler (Fotograf) Birkhäuser Verlag 2018, ISBN 978-3-035606300 Großglockner-Hochalpenstraße: Prestigebau des Ständestaates von Thomas Mitterecker Klein Publishing 2018, ISBN 978-3-903015-10-4 Hotels an der Großglockner Hochalpenstraße – Franz Wallack und&hellip;&nbsp;<a href="http://icomos.at/wp2021/kommuniziert/publikationen/weitere-publikationen/" class="" rel="bookmark">Weiterlesen &raquo;<span class="screen-reader-text">Weitere Publikationen</span></a></p>
