{"id":262,"date":"2020-11-01T22:16:22","date_gmt":"2020-11-01T22:16:22","guid":{"rendered":"http:\/\/icomos.at\/wp2021\/?page_id=262"},"modified":"2021-06-28T08:09:50","modified_gmt":"2021-06-28T08:09:50","slug":"isc","status":"publish","type":"page","link":"http:\/\/icomos.at\/wp2021\/icomos\/icomos-international\/isc\/","title":{"rendered":"International Scientific Committees (ISC)"},"content":{"rendered":"<p>ICOMOS hat so genannte International Scientific Committees (ISC), also internationale, wissenschaftliche Komitees,\u00a0 zu unterschiedlichen Themen des kulturellen Erbes eingerichtet. Die Mitglieder der einzelnen ISC bestehen aus international renommierten Fachleuten, die von den eigenen nationalen Komitees ernannt werden. Die ISC sehen sich als technische Gremien von ICOMOS. Als solche forschen sie, entwickeln Theorien, Richtlinien und Chartas zur Erhaltung des kulturellen Erbes und f\u00f6rdern entsprechende Aus- und Weiterbildungsprogramme. Dar\u00fcber hinaus f\u00f6rdern sie den internationalen Austausch wissenschaftlicher Informationen und kooperieren in diversen Projekten. Jedes ISC erarbeitet ein eigenes Programm, das vom Exekutiv-Komitee genehmigt wird. Dar\u00fcber hinaus erstellt jedes ISC einen j\u00e4hrlichen T\u00e4tigkeitsbericht.<\/p>\n<p>Derzeit decken mehr als 25 Komitees den wissenschaftlichen Erfahrungsraum des Kulturerbes ab, von der Unterwasserarch\u00e4ologie (International Committee on the Underwater Cultural Heritage) bis zum Kulturerbe im l\u00e4ndlichen Raum (International Committee of Vernacular Architecture). Einige Mitglieder des \u00f6sterreichischen Nationalkomitees sind auch in verschiedenen ISCs t\u00e4tig und bringen so ihre Kenntnisse in den internationalen Wissenstransfer ein. Besonders erw\u00e4hnenswert ist in diesem Zusammenhang das ICOMOS Theoriekomitee (ISC on Theory and Philosophy of Conservation and Preservation, Theophilos), das 2005 in Wien gegr\u00fcndet wurde und von Florenz aus administriert wird.<\/p>\n<p>Die Aufgaben und Ziele der International Scientific Committees (ISC) sind in den <a href=\"https:\/\/www.icomos.org\/images\/DOCUMENTS\/Charters\/PrincipesEgerXian_20131203_EN.pdf\" target=\"_blank\" rel=\"noopener\">Eger-X&#8217;ian Principles<\/a> beschrieben. Diese wurden im Rahmen der 15. ICOMOS-Generalversammlung im Jahr 2005 verabschiedet und im Oktober 2013 aktualisiert.<\/p>\n<p>Die Liste der ISC finden Sie <a href=\"https:\/\/www.icomos.org\/en\/about-icomos\/committees\/scientific-committees\/list-and-goals-of-isc\" target=\"_blank\" rel=\"noopener\">hier<\/a>.<\/p>\n","protected":false},"excerpt":{"rendered":"<p>ICOMOS hat so genannte International Scientific Committees (ISC), also internationale, wissenschaftliche Komitees,\u00a0 zu unterschiedlichen Themen des kulturellen Erbes eingerichtet. Die Mitglieder der einzelnen ISC bestehen aus international renommierten Fachleuten, die von den eigenen nationalen Komitees ernannt werden. Die ISC sehen sich als technische Gremien von ICOMOS. Als solche forschen sie, entwickeln Theorien, Richtlinien und Chartas&hellip;&nbsp;<a href=\"http:\/\/icomos.at\/wp2021\/icomos\/icomos-international\/isc\/\" class=\"\" rel=\"bookmark\">Weiterlesen &raquo;<span class=\"screen-reader-text\">International Scientific Committees (ISC)<\/span><\/a><\/p>\n","protected":false},"author":1,"featured_media":0,"parent":227,"menu_order":5,"comment_status":"closed","ping_status":"closed","template":"","meta":{"neve_meta_sidebar":"full-width","neve_meta_container":"","neve_meta_enable_content_width":"on","neve_meta_content_width":100,"neve_meta_title_alignment":"","neve_meta_author_avatar":"","neve_post_elements_order":"","neve_meta_disable_header":"","neve_meta_disable_footer":"","neve_meta_disable_title":"","_ti_tpc_template_sync":false,"_ti_tpc_template_id":"","footnotes":""},"class_list":["post-262","page","type-page","status-publish","hentry"],"_links":{"self":[{"href":"http:\/\/icomos.at\/wp2021\/wp-json\/wp\/v2\/pages\/262"}],"collection":[{"href":"http:\/\/icomos.at\/wp2021\/wp-json\/wp\/v2\/pages"}],"about":[{"href":"http:\/\/icomos.at\/wp2021\/wp-json\/wp\/v2\/types\/page"}],"author":[{"embeddable":true,"href":"http:\/\/icomos.at\/wp2021\/wp-json\/wp\/v2\/users\/1"}],"replies":[{"embeddable":true,"href":"http:\/\/icomos.at\/wp2021\/wp-json\/wp\/v2\/comments?post=262"}],"version-history":[{"count":6,"href":"http:\/\/icomos.at\/wp2021\/wp-json\/wp\/v2\/pages\/262\/revisions"}],"predecessor-version":[{"id":2188,"href":"http:\/\/icomos.at\/wp2021\/wp-json\/wp\/v2\/pages\/262\/revisions\/2188"}],"up":[{"embeddable":true,"href":"http:\/\/icomos.at\/wp2021\/wp-json\/wp\/v2\/pages\/227"}],"wp:attachment":[{"href":"http:\/\/icomos.at\/wp2021\/wp-json\/wp\/v2\/media?parent=262"}],"curies":[{"name":"wp","href":"https:\/\/api.w.org\/{rel}","templated":true}]}}