{"id":268,"date":"2020-11-01T22:16:54","date_gmt":"2020-11-01T22:16:54","guid":{"rendered":"http:\/\/icomos.at\/wp2021\/?page_id=268"},"modified":"2021-02-24T10:37:22","modified_gmt":"2021-02-24T10:37:22","slug":"blue-shield","status":"publish","type":"page","link":"http:\/\/icomos.at\/wp2021\/icomos\/partner-organisationen\/blue-shield\/","title":{"rendered":"Blue Shield"},"content":{"rendered":"<p>Blue Shield ist eine internationale Organisation f\u00fcr den Schutz des Kulturerbes in Kriegen bzw. bewaffneten Konflikten, in besetzten L\u00e4ndern, bei Terrorismus, Naturkatastrophen und gro\u00dfen Ungl\u00fccksf\u00e4llen. Blue Shield (bzw. Blaues Schild) hat zwei unterschiedliche Bedeutungen: Im engeren Sinn bezieht es sich auf die kleinen blau-wei\u00dfen Schilder an besonders gesch\u00fctzten Baudenkmalen und Im weiteren Sinn bezeichnet man damit ganz umfassende Bem\u00fchungen zum Schutz des kulturellen Erbes.<br \/>\n<a href=\"https:\/\/www.blueshield.at\/\" target=\"_blank\" rel=\"noopener\">https:\/\/www.blueshield.at\/<\/a><\/p>\n","protected":false},"excerpt":{"rendered":"<p>Blue Shield ist eine internationale Organisation f\u00fcr den Schutz des Kulturerbes in Kriegen bzw. bewaffneten Konflikten, in besetzten L\u00e4ndern, bei Terrorismus, Naturkatastrophen und gro\u00dfen Ungl\u00fccksf\u00e4llen. Blue Shield (bzw. Blaues Schild) hat zwei unterschiedliche Bedeutungen: Im engeren Sinn bezieht es sich auf die kleinen blau-wei\u00dfen Schilder an besonders gesch\u00fctzten Baudenkmalen und Im weiteren Sinn bezeichnet man&hellip;&nbsp;<a href=\"http:\/\/icomos.at\/wp2021\/icomos\/partner-organisationen\/blue-shield\/\" class=\"\" rel=\"bookmark\">Weiterlesen &raquo;<span class=\"screen-reader-text\">Blue Shield<\/span><\/a><\/p>\n","protected":false},"author":1,"featured_media":0,"parent":229,"menu_order":2,"comment_status":"closed","ping_status":"closed","template":"","meta":{"neve_meta_sidebar":"full-width","neve_meta_container":"","neve_meta_enable_content_width":"on","neve_meta_content_width":100,"neve_meta_title_alignment":"","neve_meta_author_avatar":"","neve_post_elements_order":"","neve_meta_disable_header":"","neve_meta_disable_footer":"","neve_meta_disable_title":"","_ti_tpc_template_sync":false,"_ti_tpc_template_id":"","footnotes":""},"class_list":["post-268","page","type-page","status-publish","hentry"],"_links":{"self":[{"href":"http:\/\/icomos.at\/wp2021\/wp-json\/wp\/v2\/pages\/268"}],"collection":[{"href":"http:\/\/icomos.at\/wp2021\/wp-json\/wp\/v2\/pages"}],"about":[{"href":"http:\/\/icomos.at\/wp2021\/wp-json\/wp\/v2\/types\/page"}],"author":[{"embeddable":true,"href":"http:\/\/icomos.at\/wp2021\/wp-json\/wp\/v2\/users\/1"}],"replies":[{"embeddable":true,"href":"http:\/\/icomos.at\/wp2021\/wp-json\/wp\/v2\/comments?post=268"}],"version-history":[{"count":6,"href":"http:\/\/icomos.at\/wp2021\/wp-json\/wp\/v2\/pages\/268\/revisions"}],"predecessor-version":[{"id":973,"href":"http:\/\/icomos.at\/wp2021\/wp-json\/wp\/v2\/pages\/268\/revisions\/973"}],"up":[{"embeddable":true,"href":"http:\/\/icomos.at\/wp2021\/wp-json\/wp\/v2\/pages\/229"}],"wp:attachment":[{"href":"http:\/\/icomos.at\/wp2021\/wp-json\/wp\/v2\/media?parent=268"}],"curies":[{"name":"wp","href":"https:\/\/api.w.org\/{rel}","templated":true}]}}