{"id":308,"date":"2020-11-01T22:41:12","date_gmt":"2020-11-01T22:41:12","guid":{"rendered":"http:\/\/icomos.at\/wp2021\/?page_id=308"},"modified":"2024-08-11T18:06:29","modified_gmt":"2024-08-11T18:06:29","slug":"heritage-alert","status":"publish","type":"page","link":"http:\/\/icomos.at\/wp2021\/evaluiert\/heritage-alert\/","title":{"rendered":"Heritage Alert"},"content":{"rendered":"<p>In Zusammenarbeit zwischen einem Nationalkomitee (NC) und dem der Sache entsprechenden internationalen Wissenschaftskomitee (ISC) von ICOMOS nutzt der Heritage Alert-Prozess die professionellen und \u00f6ffentlichen Netzwerke von ICOMOS, um auf Bedrohungen des kulturellen Erbes konkret aufmerksam zu machen. Ziel ist, m\u00f6glichst fr\u00fchzeitig gute Erhaltensl\u00f6sungen im Einzelnen zu finden und damit die Erhaltung des kulturellen Erbes generell zu f\u00f6rdern<\/p>\n","protected":false},"excerpt":{"rendered":"<p>In Zusammenarbeit zwischen einem Nationalkomitee (NC) und dem der Sache entsprechenden internationalen Wissenschaftskomitee (ISC) von ICOMOS nutzt der Heritage Alert-Prozess die professionellen und \u00f6ffentlichen Netzwerke von ICOMOS, um auf Bedrohungen des kulturellen Erbes konkret aufmerksam zu machen. Ziel ist, m\u00f6glichst fr\u00fchzeitig gute Erhaltensl\u00f6sungen im Einzelnen zu finden und damit die Erhaltung des kulturellen Erbes generell&hellip;&nbsp;<a href=\"http:\/\/icomos.at\/wp2021\/evaluiert\/heritage-alert\/\" class=\"\" rel=\"bookmark\">Weiterlesen &raquo;<span class=\"screen-reader-text\">Heritage Alert<\/span><\/a><\/p>\n","protected":false},"author":1,"featured_media":0,"parent":298,"menu_order":5,"comment_status":"closed","ping_status":"closed","template":"","meta":{"neve_meta_sidebar":"full-width","neve_meta_container":"","neve_meta_enable_content_width":"on","neve_meta_content_width":100,"neve_meta_title_alignment":"","neve_meta_author_avatar":"","neve_post_elements_order":"","neve_meta_disable_header":"","neve_meta_disable_footer":"","neve_meta_disable_title":"","_ti_tpc_template_sync":false,"_ti_tpc_template_id":"","footnotes":""},"class_list":["post-308","page","type-page","status-publish","hentry"],"_links":{"self":[{"href":"http:\/\/icomos.at\/wp2021\/wp-json\/wp\/v2\/pages\/308"}],"collection":[{"href":"http:\/\/icomos.at\/wp2021\/wp-json\/wp\/v2\/pages"}],"about":[{"href":"http:\/\/icomos.at\/wp2021\/wp-json\/wp\/v2\/types\/page"}],"author":[{"embeddable":true,"href":"http:\/\/icomos.at\/wp2021\/wp-json\/wp\/v2\/users\/1"}],"replies":[{"embeddable":true,"href":"http:\/\/icomos.at\/wp2021\/wp-json\/wp\/v2\/comments?post=308"}],"version-history":[{"count":4,"href":"http:\/\/icomos.at\/wp2021\/wp-json\/wp\/v2\/pages\/308\/revisions"}],"predecessor-version":[{"id":4596,"href":"http:\/\/icomos.at\/wp2021\/wp-json\/wp\/v2\/pages\/308\/revisions\/4596"}],"up":[{"embeddable":true,"href":"http:\/\/icomos.at\/wp2021\/wp-json\/wp\/v2\/pages\/298"}],"wp:attachment":[{"href":"http:\/\/icomos.at\/wp2021\/wp-json\/wp\/v2\/media?parent=308"}],"curies":[{"name":"wp","href":"https:\/\/api.w.org\/{rel}","templated":true}]}}