{"id":316,"date":"2020-11-01T22:42:37","date_gmt":"2020-11-01T22:42:37","guid":{"rendered":"http:\/\/icomos.at\/wp2021\/?page_id=316"},"modified":"2021-04-22T15:30:51","modified_gmt":"2021-04-22T15:30:51","slug":"tentativliste","status":"publish","type":"page","link":"http:\/\/icomos.at\/wp2021\/evaluiert\/nominierungsprozess-zum-welterbe\/tentativliste\/","title":{"rendered":"Tentativliste"},"content":{"rendered":"<p>Tentativ-Listen sind die Vorschlagslisten, die die einzelnen Nationalstaaten im <strong>UNESCO-Welterbezentrum<\/strong> in Paris <strong>hinterlegen<\/strong>. Diese Vorschlagslisten bekunden der UNESCO, welche <strong>zuk\u00fcnftigen Welterbest\u00e4tten<\/strong> sich die Vertragsstaaten aus ihrer nationalstaatlichen Sicht vorstellen k\u00f6nnten. Weil die Logik der UNESCO nicht unbedingt kongruent mit der Logik der Nationalstaaten sein muss, was das gemeinsame Kultur- und Naturerbe der gesamten Menschheit betrifft, sollte im Idealfall ICOMOS als Expertengremium die Nationalstaaten dabei <strong>unterst\u00fctzen<\/strong>, ihre Tentativlisten gem\u00e4\u00df der globalen Strategie der UNESCO und auf Basis seines eigenen, international orientierten Expertenwissens zu den potentiellen St\u00e4tten zu erstellen.<\/p>\n<p><strong>ICOMOS Austria<\/strong> ist in Absprache mit dem zust\u00e4ndigen Bundesministerium der Republik \u00d6sterreich diesem Auftrag nachgekommen. Dr.-Ing. Mag. Michael Falser hat im Februar 2021 ein ausgedehntes <strong>Gutachten<\/strong> (363 Seiten) fertiggestellt, in dem die beim UNESCO-Welterbezentrum derzeit hinterlegte <a href=\"https:\/\/whc.unesco.org\/en\/tentativelists\/state=at\">Tentativliste der Republik \u00d6sterreich<\/a> mit der aktuellen Strategie der UNESCO abgeglichen wurde. Aus der <strong>kombinierten \u00dcberlagerung<\/strong> der <strong>nationalen Machbarkeit<\/strong> mit der <strong>globalen Welterbe Relevanz<\/strong> des betrachteten Kulturguts empfiehlt das Gutachten, nicht nur die <strong>Entnahme<\/strong> oder <strong>Aufnahme<\/strong> in die nationale Vorschlagsliste, sondern formuliert auch <strong>Empfehlungen f\u00fcr eine weitere Vorgangsweise<\/strong>.<\/p>\n<p>\u00d6sterreich kommt damit als einer der ersten Staaten der Welt dem <strong>im Juli 2020<\/strong> ver\u00f6ffentlichten <strong>Leitfaden<\/strong> der UNESCO in Kooperation mit ihren Expertenbeir\u00e4ten ICOMOS, ICCROM und IUCN nach, der als \u201eGuidance of Developing and Revising World Heritage Tentative Lists\u201c im <a href=\"http:\/\/openarchive.icomos.org\/id\/eprint\/2405\/\" target=\"_blank\" rel=\"noopener\">Openarchive von ICOMOS heruntergeladen<\/a> werden kann.<\/p>\n<p>&nbsp;<\/p>\n","protected":false},"excerpt":{"rendered":"<p>Tentativ-Listen sind die Vorschlagslisten, die die einzelnen Nationalstaaten im UNESCO-Welterbezentrum in Paris hinterlegen. Diese Vorschlagslisten bekunden der UNESCO, welche zuk\u00fcnftigen Welterbest\u00e4tten sich die Vertragsstaaten aus ihrer nationalstaatlichen Sicht vorstellen k\u00f6nnten. Weil die Logik der UNESCO nicht unbedingt kongruent mit der Logik der Nationalstaaten sein muss, was das gemeinsame Kultur- und Naturerbe der gesamten Menschheit betrifft,&hellip;&nbsp;<a href=\"http:\/\/icomos.at\/wp2021\/evaluiert\/nominierungsprozess-zum-welterbe\/tentativliste\/\" class=\"\" rel=\"bookmark\">Weiterlesen &raquo;<span class=\"screen-reader-text\">Tentativliste<\/span><\/a><\/p>\n","protected":false},"author":1,"featured_media":0,"parent":302,"menu_order":2,"comment_status":"closed","ping_status":"closed","template":"","meta":{"neve_meta_sidebar":"full-width","neve_meta_container":"","neve_meta_enable_content_width":"on","neve_meta_content_width":100,"neve_meta_title_alignment":"","neve_meta_author_avatar":"","neve_post_elements_order":"","neve_meta_disable_header":"","neve_meta_disable_footer":"","neve_meta_disable_title":"","_ti_tpc_template_sync":false,"_ti_tpc_template_id":"","footnotes":""},"class_list":["post-316","page","type-page","status-publish","hentry"],"_links":{"self":[{"href":"http:\/\/icomos.at\/wp2021\/wp-json\/wp\/v2\/pages\/316"}],"collection":[{"href":"http:\/\/icomos.at\/wp2021\/wp-json\/wp\/v2\/pages"}],"about":[{"href":"http:\/\/icomos.at\/wp2021\/wp-json\/wp\/v2\/types\/page"}],"author":[{"embeddable":true,"href":"http:\/\/icomos.at\/wp2021\/wp-json\/wp\/v2\/users\/1"}],"replies":[{"embeddable":true,"href":"http:\/\/icomos.at\/wp2021\/wp-json\/wp\/v2\/comments?post=316"}],"version-history":[{"count":5,"href":"http:\/\/icomos.at\/wp2021\/wp-json\/wp\/v2\/pages\/316\/revisions"}],"predecessor-version":[{"id":1921,"href":"http:\/\/icomos.at\/wp2021\/wp-json\/wp\/v2\/pages\/316\/revisions\/1921"}],"up":[{"embeddable":true,"href":"http:\/\/icomos.at\/wp2021\/wp-json\/wp\/v2\/pages\/302"}],"wp:attachment":[{"href":"http:\/\/icomos.at\/wp2021\/wp-json\/wp\/v2\/media?parent=316"}],"curies":[{"name":"wp","href":"https:\/\/api.w.org\/{rel}","templated":true}]}}