{"id":258,"date":"2020-11-01T22:15:37","date_gmt":"2020-11-01T22:15:37","guid":{"rendered":"http:\/\/icomos.at\/wp2021\/?page_id=258"},"modified":"2021-04-19T09:20:29","modified_gmt":"2021-04-19T09:20:29","slug":"ethical-principals","status":"publish","type":"page","link":"https:\/\/icomos.at\/wp2021\/icomos\/icomos-international\/ethical-principals\/","title":{"rendered":"Ethical Principals"},"content":{"rendered":"<p>Ziel von ICOMOS ist es, die Erhaltung des kulturellen Erbes (Denkm\u00e4ler, Gruppen von Geb\u00e4uden und St\u00e4tten) in ihren materiellen und immateriellen Aspekten sowie in ihrer vollen Vielfalt und Authentizit\u00e4t zu f\u00f6rdern. ICOMOS erreicht sein Ziel durch sein Netzwerk von Mitgliedern und Aussch\u00fcssen, seine Aktivit\u00e4ten und die Zusammenarbeit mit anderen Organisationen. ICOMOS-Mitglieder teilen gemeinsame Prinzipien und spiegeln gleichzeitig die Vielfalt der Spezialisierungen und Kompetenzen im Bereich der Erhaltung des kulturellen Erbes wider.<\/p>\n<p>Die ethischen Grunds\u00e4tze von ICOMOS legen die Verantwortlichkeiten der ICOMOS-Mitglieder und ihrer Gremien f\u00fcr die Erhaltung des kulturellen Erbes und in Verbindung mit ICOMOS fest. Sie wurden von der 18. Generalversammlung (Florenz, Italien) am 12. November 2014 verabschiedet. In der \u00fcber Video-Konferenz abgehaltenen 20. Generalversammlung am 7. Dezember 2020 wurde die Erkl\u00e4rung zur ethischen Verpflichtung nochmals \u00fcberarbeitet.<\/p>\n<p>Die 2020 aktualisierten <a href=\"http:\/\/icomos.at\/wp2021\/wp-content\/uploads\/2021\/04\/20150114-ethics-asadopted-languagecheck-finalcirc_rev202012.pdf\" target=\"_blank\" rel=\"noopener\">ICOMOS Ethical Principals finden Sie hier<\/a>\u00a0(in Englisch und Franz\u00f6sisch).<\/p>\n","protected":false},"excerpt":{"rendered":"<p>Ziel von ICOMOS ist es, die Erhaltung des kulturellen Erbes (Denkm\u00e4ler, Gruppen von Geb\u00e4uden und St\u00e4tten) in ihren materiellen und immateriellen Aspekten sowie in ihrer vollen Vielfalt und Authentizit\u00e4t zu f\u00f6rdern. ICOMOS erreicht sein Ziel durch sein Netzwerk von Mitgliedern und Aussch\u00fcssen, seine Aktivit\u00e4ten und die Zusammenarbeit mit anderen Organisationen. ICOMOS-Mitglieder teilen gemeinsame Prinzipien und&hellip;&nbsp;<a href=\"https:\/\/icomos.at\/wp2021\/icomos\/icomos-international\/ethical-principals\/\" class=\"\" rel=\"bookmark\">Weiterlesen &raquo;<span class=\"screen-reader-text\">Ethical Principals<\/span><\/a><\/p>\n","protected":false},"author":1,"featured_media":0,"parent":227,"menu_order":3,"comment_status":"closed","ping_status":"closed","template":"","meta":{"neve_meta_sidebar":"full-width","neve_meta_container":"","neve_meta_enable_content_width":"on","neve_meta_content_width":100,"neve_meta_title_alignment":"","neve_meta_author_avatar":"","neve_post_elements_order":"","neve_meta_disable_header":"","neve_meta_disable_footer":"","neve_meta_disable_title":"","_ti_tpc_template_sync":false,"_ti_tpc_template_id":"","footnotes":""},"class_list":["post-258","page","type-page","status-publish","hentry"],"_links":{"self":[{"href":"https:\/\/icomos.at\/wp2021\/wp-json\/wp\/v2\/pages\/258"}],"collection":[{"href":"https:\/\/icomos.at\/wp2021\/wp-json\/wp\/v2\/pages"}],"about":[{"href":"https:\/\/icomos.at\/wp2021\/wp-json\/wp\/v2\/types\/page"}],"author":[{"embeddable":true,"href":"https:\/\/icomos.at\/wp2021\/wp-json\/wp\/v2\/users\/1"}],"replies":[{"embeddable":true,"href":"https:\/\/icomos.at\/wp2021\/wp-json\/wp\/v2\/comments?post=258"}],"version-history":[{"count":8,"href":"https:\/\/icomos.at\/wp2021\/wp-json\/wp\/v2\/pages\/258\/revisions"}],"predecessor-version":[{"id":1802,"href":"https:\/\/icomos.at\/wp2021\/wp-json\/wp\/v2\/pages\/258\/revisions\/1802"}],"up":[{"embeddable":true,"href":"https:\/\/icomos.at\/wp2021\/wp-json\/wp\/v2\/pages\/227"}],"wp:attachment":[{"href":"https:\/\/icomos.at\/wp2021\/wp-json\/wp\/v2\/media?parent=258"}],"curies":[{"name":"wp","href":"https:\/\/api.w.org\/{rel}","templated":true}]}}