{"id":408,"date":"2020-11-02T22:18:16","date_gmt":"2020-11-02T22:18:16","guid":{"rendered":"http:\/\/icomos.at\/wp2021\/?page_id=408"},"modified":"2021-04-29T06:55:42","modified_gmt":"2021-04-29T06:55:42","slug":"integriert","status":"publish","type":"page","link":"https:\/\/icomos.at\/wp2021\/integriert\/","title":{"rendered":"Integriert"},"content":{"rendered":"<p>Voraussetzung f\u00fcr die Evaluierung ist die Entwicklung von <strong>Grunds\u00e4tzen<\/strong>, Richtlinien (<em>Charts<\/em>) und Empfehlungen (<em>Recommendations<\/em>) auf internationaler Ebene, die dann in nationale Leits\u00e4tze, und noch wichtiger, Gesetze und Verordnungen m\u00fcnden m\u00fcssen, damit sie bundesweit, regional und lokal wirksam umgesetzt werden k\u00f6nnen.<\/p>\n<p>Die dazu notwendigen Hintergrunddiskussionen, der Erfahrungsaustausch und der Wissenstransfer erfolgen durch verschiedenste <strong>Netzwerke<\/strong> wie die Emerging Professionals oder das S\u00fcdost-Europa Netzwerk, bei deren regelm\u00e4\u00dfigen Veranstaltungen das Bewusstsein und Wissen der ICOMOS-ExpertInnen \u00fcber den Schutz und Erhalt des weltweiten Kulturerbes auch an die politischen und administrativen Entscheidungstr\u00e4gerInnen weitergegeben werden soll.<\/p>\n","protected":false},"excerpt":{"rendered":"<p>Voraussetzung f\u00fcr die Evaluierung ist die Entwicklung von Grunds\u00e4tzen, Richtlinien (Charts) und Empfehlungen (Recommendations) auf internationaler Ebene, die dann in nationale Leits\u00e4tze, und noch wichtiger, Gesetze und Verordnungen m\u00fcnden m\u00fcssen, damit sie bundesweit, regional und lokal wirksam umgesetzt werden k\u00f6nnen. Die dazu notwendigen Hintergrunddiskussionen, der Erfahrungsaustausch und der Wissenstransfer erfolgen durch verschiedenste Netzwerke wie die&hellip;&nbsp;<a href=\"https:\/\/icomos.at\/wp2021\/integriert\/\" class=\"\" rel=\"bookmark\">Weiterlesen &raquo;<span class=\"screen-reader-text\">Integriert<\/span><\/a><\/p>\n","protected":false},"author":1,"featured_media":0,"parent":0,"menu_order":3,"comment_status":"closed","ping_status":"closed","template":"","meta":{"neve_meta_sidebar":"full-width","neve_meta_container":"","neve_meta_enable_content_width":"on","neve_meta_content_width":100,"neve_meta_title_alignment":"","neve_meta_author_avatar":"","neve_post_elements_order":"","neve_meta_disable_header":"","neve_meta_disable_footer":"","neve_meta_disable_title":"","_ti_tpc_template_sync":false,"_ti_tpc_template_id":"","footnotes":""},"class_list":["post-408","page","type-page","status-publish","hentry"],"_links":{"self":[{"href":"https:\/\/icomos.at\/wp2021\/wp-json\/wp\/v2\/pages\/408"}],"collection":[{"href":"https:\/\/icomos.at\/wp2021\/wp-json\/wp\/v2\/pages"}],"about":[{"href":"https:\/\/icomos.at\/wp2021\/wp-json\/wp\/v2\/types\/page"}],"author":[{"embeddable":true,"href":"https:\/\/icomos.at\/wp2021\/wp-json\/wp\/v2\/users\/1"}],"replies":[{"embeddable":true,"href":"https:\/\/icomos.at\/wp2021\/wp-json\/wp\/v2\/comments?post=408"}],"version-history":[{"count":4,"href":"https:\/\/icomos.at\/wp2021\/wp-json\/wp\/v2\/pages\/408\/revisions"}],"predecessor-version":[{"id":2057,"href":"https:\/\/icomos.at\/wp2021\/wp-json\/wp\/v2\/pages\/408\/revisions\/2057"}],"wp:attachment":[{"href":"https:\/\/icomos.at\/wp2021\/wp-json\/wp\/v2\/media?parent=408"}],"curies":[{"name":"wp","href":"https:\/\/api.w.org\/{rel}","templated":true}]}}